the highest common divisor of r and s?
11
Suppose 9*g = 16*g - 196. Suppose g*d - 272 = 11*d. What is the highest common factor of d and 128?
16
Let l = -23 - -83. Let g(w) = w**2 - 10. Let c be g(5). Suppose c*d - 14 = 346. What is the greatest common factor of l and d?
12
Let j = -2 + -6. Let b be 2/j - 34/(-8). Let z = -35 - -39. What is the highest common divisor of b and z?
4
Suppose -23*m - 180 = -32*m. Calculate the greatest common factor of m and 610.
10
Let y(x) = -x**2 - 7*x + 5. Let z be y(-7). Suppose -2*k + 417 - 132 = z*g, k - 125 = g. What is the highest common factor of k and 52?
26
Let p be 17 + 1/(3 - (4 + -2)). Calculate the highest common divisor of p and 63.
9
Let h be (1 + -7)*(-56)/3. Let z(w) = 0*w**3 - w**3 + 0*w - 13 - 9*w**2 - 3*w. Let l be z(-9). Calculate the greatest common factor of l and h.
14
Let n(c) = -c**3 - 2*c**2 + 3*c + 5. Let s be n(-4). Let p = -174 + 449. Calculate the greatest common factor of s and p.
25
Suppose -9*m + 4*m + 420 = 0. What is the greatest common factor of m and 24?
12
Let i(l) = 226*l**3 - 4*l**2 + 3*l. Let n be i(1). Calculate the greatest common divisor of 90 and n.
45
Let b(k) = -k**3 - 7*k**2 - 10*k + 5. Let i be b(-7). Suppose -5*s - 3*c + 553 = 0, -i - 40 = -s - 5*c. Calculate the greatest common divisor of 10 and s.
10
Let o = -98 - -338. Suppose 7*i = -58 + o. What is the highest common factor of i and 26?
26
Suppose -4*r - 5*s + 25 = 0, 3*r + 9*s - 4*s - 20 = 0. Suppose -r*p - 363 = -16*p. Calculate the greatest common factor of 33 and p.
33
Let y(b) = 7*b - 14. Let k be (-11)/(-1) + -5 + -3. Let u be y(k). Calculate the greatest common divisor of 7 and u.
7
Let o be (16/(-10))/(4*9/(-2160)). Calculate the greatest common divisor of o and 180.
12
Suppose 0 = -j - 0*j + 8. Let u be (2 + j)*-2*-1. Let n = -6 + u. What is the greatest common divisor of 14 and n?
14
Suppose 5*z + v = 81, 4*z = -v - 4*v + 48. Let g(d) = 187*d**3 + d - 1. Let r be g(1). What is the highest common factor of z and r?
17
Let y be (-1)/((-108)/(-28) - 4). Let o = y + -3. Calculate the greatest common divisor of o and 1.
1
Suppose a = -7*a + 416. Calculate the greatest common factor of a and 1404.
52
Let i be (64/(-6))/(66/(-198)). What is the highest common divisor of 704 and i?
32
Let l = -109 + 111. Calculate the greatest common factor of 8 and l.
2
Let l(w) = -5*w**3 - 4*w**2 + 3*w. Let t be l(2). Let n = t - -70. What is the highest common divisor of 8 and n?
4
Let k be 33/(-12)*(31 + 0 + -3). Let l = 89 + k. What is the highest common factor of 8 and l?
4
Let t(b) = b**2 - b + 4. Let n be t(5). Suppose -2*d - 600 = -7*d. What is the highest common factor of d and n?
24
Suppose 2*c + 0*c = k + 9, -c = -4*k - 22. Suppose -86 = -3*b - 11. Suppose c*o - 80 = -5*t, -o = -t - 4*t - b. What is the highest common divisor of o and 5?
5
Let m be (-3 + 2)*(-1 + 0). Let b be 108 - (-4 + -1 + m). Suppose 28 = 2*l - 0*l. What is the greatest common factor of l and b?
14
Suppose 0 = 19*i + 5*i - 1080. What is the greatest common factor of i and 360?
45
Let s be (117/12)/((-4)/(-16)). Let t = -37 + s. Let n be -4 + 0/t + 7. What is the greatest common divisor of 3 and n?
3
Let g be -5*1 - (5 - 6)*2. Let s be (-4)/g*(123/6 + -1). Calculate the highest common factor of s and 78.
26
Let p(j) = 3*j - 20. Let y be p(8). Let m(b) = 10*b + 5. Let a be m(y). Let z(u) = u**2 - 8*u + 17. Let f be z(6). What is the highest common factor of a and f?
5
Let g(p) = -p**3 + 2*p**2 + 4. Let i be g(0). Suppose 4*v = -8, -3*v + 65 + 69 = 5*n. Calculate the greatest common divisor of i and n.
4
Let w(h) = -49*h - 25. Let j be w(-5). Suppose -k + 100 = 4*k. What is the highest common divisor of j and k?
20
Let b(m) = 4*m - 16. Let d be b(5). Suppose -3*l - 5 = 3*x - 47, -d*x + 26 = -2*l. Let v be 52/6 + (-1)/(-3). What is the greatest common factor of v and x?
9
Suppose 4*p - 40 = 24. Let r be p/88 + 60/33. What is the greatest common factor of 4 and r?
2
Let v = -17 - -22. Suppose -5*o = -v*m + 2 + 8, 0 = 2*m - 5*o + 2. What is the highest common factor of m and 20?
4
Let p(c) = -102*c - 1. Let b be p(-6). What is the highest common factor of b and 141?
47
Let a = -16 + 18. Suppose a*u + 2*w + 21 = -7, 94 = -5*u + 3*w. Let b = -16 - u. What is the greatest common divisor of 8 and b?
1
Let k be 15/10*656/24. What is the greatest common factor of k and 205?
41
Suppose -80 = -2*n - 32. Calculate the greatest common divisor of n and 168.
24
Let j = 45 - 10. Let c = -12 + j. What is the highest common factor of c and 69?
23
Let x(c) = 94*c - 8. Let n be x(2). Let j = -65 + 95. Calculate the greatest common divisor of n and j.
30
Let v(n) = -3*n - 7. Let c = -26 - -21. Let h be v(c). Suppose -3*l = -15, 60 = 2*z - z + 4*l. Calculate the greatest common factor of z and h.
8
Let o = -203 + 368. Suppose 2*t - 39 + 9 = -3*c, 3 = t. Let n(k) = -k**3 + 8*k**2 + k + 7. Let f be n(c). Calculate the greatest common divisor of o and f.
15
Let h be 2/(-8) + ((-12397)/44)/(-23). Suppose 2*z - 50 = -3*z - 2*i, 49 = 2*z - 5*i. What is the greatest common divisor of h and z?
12
Let k = 77 + -6. Suppose -3*j + 8*j - k = -4*c, 2*c - 31 = -j. What is the greatest common divisor of 21 and c?
7
Let i(s) = -28*s - 38. Let z be i(-3). Calculate the highest common factor of z and 2.
2
Let c be (-50 - -74) + (3 - 1). What is the highest common factor of 351 and c?
13
Let q = -120 + 158. Let v = -97 - -69. Let k = q + v. Calculate the highest common divisor of k and 30.
10
Suppose 0 = 22*m - 18*m - 288. Calculate the highest common factor of m and 54.
18
Suppose -l = -216 + 125. Calculate the greatest common factor of l and 13.
13
Suppose -3*q + 26 = f, 2*f = 2*q - 10 + 46. Let s be ((-72)/10)/((-2)/f). Suppose -10*a + 56 = -3*a. What is the highest common divisor of a and s?
8
Suppose 0 = 23*g + 100 - 468. What is the highest common divisor of g and 368?
16
Let v(k) = 5*k - 111. Let x be v(23). Calculate the greatest common factor of x and 4.
4
Let s be 3/((-39)/(-232)) - 12/(-78). Let c be s/4*(-8)/(-4). What is the highest common factor of c and 1?
1
Let j be (-3)/(-9) - 380/(-30). What is the greatest common divisor of j and 351?
13
Let w(b) = -b**3 - 4*b**2 - 5*b + 40. Let t be w(0). Calculate the highest common divisor of 380 and t.
20
Suppose -69 = 3*n + m, 0*m + m + 91 = -4*n. Let g be (11/n)/(1/(-120)). Calculate the greatest common divisor of g and 24.
12
Let f be (-16284)/(-2070) + (-4)/(-30). Suppose u - 5 = 3. What is the greatest common divisor of u and f?
8
Let d be 2/4 + (-4980)/(-120). Calculate the highest common factor of 14 and d.
14
Suppose -18 = -2*t - 0*t. Let a(b) = b + 9. Let v be a(-7). Let u be (v/4)/((-17)/(-2142)). Calculate the highest common factor of u and t.
9
Let x = 461 + -460. Suppose a + 10 = 5*o - 2*o, 0 = -4*o - 3*a + 9. Let n be 352/33*x*o. Calculate the greatest common factor of n and 4.
4
Suppose -5*m - a = -4*a - 634, 4*a + 637 = 5*m. Suppose 3*q = 8*q - m. Calculate the greatest common factor of q and 125.
25
Let h = -19 + 63. Let n = h - -96. What is the greatest common factor of n and 28?
28
Let h be (-5)/4*2*-84. Let x = -60 + 61. Let g(f) = 29*f + 1. Let r be g(x). Calculate the greatest common divisor of r and h.
30
Suppose 9*n = -35 + 656. What is the greatest common factor of 115 and n?
23
Let q(y) = y**3 - 19*y**2 + 2*y - 20. Let o = -7 - -26. Let a be q(o). What is the highest common divisor of 36 and a?
18
Let x be -2 + (0 - -3) - -7. Let i be (-2)/((-6)/519) - (-35 + 32). Calculate the greatest common divisor of x and i.
8
Let v = -390 - -403. Calculate the greatest common factor of 13 and v.
13
Let q be 1/((-870)/125 + 3 + 4). What is the greatest common factor of q and 100?
25
Let t(s) be the first derivative of -2*s**3/3 - 15*s**2 + 9*s - 3. Let m be t(-15). Let n = -2 - -3. What is the highest common factor of m and n?
1
Suppose 63 = 11*f - 8*f. Let k = f + -20. Suppose 2*a - 10 = -2*m, 3*m - m = 4. What is the greatest common divisor of k and a?
1
Let a(j) = j**2 + 9*j - 16. Let f be a(-10). Let z be (f/7)/((-11)/539). What is the greatest common divisor of 14 and z?
14
Let g = -30 - -37. Suppose g = r - 21. What is the highest common divisor of r and 7?
7
Suppose -d + o + 63 = -461, 3*o + 2092 = 4*